{"id":2,"date":"2012-02-27T11:26:52","date_gmt":"2012-02-27T11:26:52","guid":{"rendered":"http:\/\/c4fumad.nw.eenet.ee\/?page_id=2"},"modified":"2025-03-11T14:04:15","modified_gmt":"2025-03-11T12:04:15","slug":"demoleht","status":"publish","type":"page","link":"https:\/\/blog.erm.ee\/?page_id=2","title":{"rendered":"Tutvustus"},"content":{"rendered":"<div class=\"fcbkbttn_buttons_block\" id=\"fcbkbttn_left\"><div class=\"fcbkbttn_like \"><fb:like href=\"https:\/\/blog.erm.ee\/?page_id=2\" action=\"like\" colorscheme=\"light\" layout=\"standard\"  width=\"225px\" size=\"small\"><\/fb:like><\/div><div class=\"fb-share-button  \" data-href=\"https:\/\/blog.erm.ee\/?page_id=2\" data-type=\"button\" data-size=\"small\"><\/div><\/div><p>Hea k\u00fclaline<\/p>\n<p>Tere tulemast avastama muuseumielu kirevaid ja mitmek\u00fclgseid telgitaguseid. ERMi blogis r\u00e4\u00e4gime lugusid, mis l\u00e4hevad teemadesse s\u00fcvitsi sisse, pakkudes lugemisemotsiooni k\u00f5rval ka p\u00f5nevaid taustateadmisi. Siin kirjutame neist muuseumi teemadest, mille v\u00e4\u00e4rtus ei seisne tingimata p\u00e4evakajalisuses. See on aeglane meedia, k\u00f5ige paremas m\u00f5ttes.<\/p>\n<p>Vaid murdosa ERMi kogudes olevatest esemetest leiab koha v\u00e4ljapanekul. Blogis tutvustame museaale, mis j\u00e4\u00e4vad laiema avalikkuse eest fikseeritud \u00f5huniiskuse ja temperatuuriga hoidlatesse, ent mille lugu v\u00e4\u00e4rib siiski edasi andmist. S\u00fcveneme n\u00e4itustesse, jutustame p\u00f5nevatest kultuuritegelastest ning r\u00e4\u00e4gime ka meie oma inimeste lugusid. Siit saad teada, mis kannustab koguhoidjat, ajendab arhivaari, r\u00f5\u00f5mustab restauraatorit, tiivustab teadurit v\u00f5i vaimustab valgustehnikut.<\/p>\n<p>Kui soovid leida m\u00f5nda kindlat teemat v\u00f5i m\u00e4rks\u00f5na, siis kasuta otsingut, mille leiad parempoolsest men\u00fc\u00fcst. Kohe otsingukasti all on v\u00f5imalik sisestada oma meiliaadress \u2013 nii tuleb Sulle teavitus iga kord, kui blogis ilmub uus lugu. See on k\u00f5ige kindlam viis v\u00e4rskel materjalil silm peal hoida.<\/p>\n<p>ERMi blogisse kirjutavad peamiselt muuseumi t\u00f6\u00f6tajad, aga ootame v\u00e4ga ka autoreid v\u00e4ljastpoolt. Oleme t\u00e4nulikud ettepanekute, kommentaaride ja tagasiside eest, mida v\u00f5ib saata vabas vormis aadressil <a href=\"mailto:mikk.siemer@erm.ee\">mikk.siemer@erm.ee<\/a><\/p>\n<p>Lugudeni!<\/p>\n<p><em>ERMi blogitoimetus<\/em><\/p>\n<div class=\"fcbkbttn_buttons_block\" id=\"fcbkbttn_left\"><div class=\"fcbkbttn_like \"><fb:like href=\"https:\/\/blog.erm.ee\/?page_id=2\" action=\"like\" colorscheme=\"light\" layout=\"standard\"  width=\"225px\" size=\"small\"><\/fb:like><\/div><div class=\"fb-share-button  \" data-href=\"https:\/\/blog.erm.ee\/?page_id=2\" data-type=\"button\" data-size=\"small\"><\/div><\/div>","protected":false},"excerpt":{"rendered":"<p>Hea k\u00fclaline Tere tulemast avastama muuseumielu kirevaid ja mitmek\u00fclgseid telgitaguseid. ERMi blogis r\u00e4\u00e4gime lugusid, mis l\u00e4hevad teemadesse s\u00fcvitsi sisse, pakkudes lugemisemotsiooni k\u00f5rval ka p\u00f5nevaid taustateadmisi. Siin kirjutame neist muuseumi teemadest, mille v\u00e4\u00e4rtus ei seisne tingimata p\u00e4evakajalisuses. See on aeglane meedia, k\u00f5ige paremas m\u00f5ttes. Vaid murdosa ERMi kogudes olevatest esemetest leiab koha v\u00e4ljapanekul. Blogis tutvustame museaale,&hellip;<\/p>\n","protected":false},"author":1,"featured_media":0,"parent":0,"menu_order":0,"comment_status":"open","ping_status":"open","template":"","meta":{"_monsterinsights_skip_tracking":false,"_monsterinsights_sitenote_active":false,"_monsterinsights_sitenote_note":"","_monsterinsights_sitenote_category":0,"jetpack_post_was_ever_published":false,"footnotes":""},"class_list":["post-2","page","type-page","status-publish","hentry"],"yoast_head":"<!-- This site is optimized with the Yoast SEO plugin v27.4 - https:\/\/yoast.com\/product\/yoast-seo-wordpress\/ -->\n<title>Tutvustus - Eesti Rahva Muuseumi ajaveeb<\/title>\n<meta name=\"robots\" content=\"index, follow, max-snippet:-1, max-image-preview:large, max-video-preview:-1\" \/>\n<link rel=\"canonical\" href=\"https:\/\/blog.erm.ee\/?page_id=2\" \/>\n<meta property=\"og:locale\" content=\"et_EE\" \/>\n<meta property=\"og:type\" content=\"article\" \/>\n<meta property=\"og:title\" content=\"Tutvustus - Eesti Rahva Muuseumi ajaveeb\" \/>\n<meta property=\"og:description\" content=\"Hea k\u00fclaline Tere tulemast avastama muuseumielu kirevaid ja mitmek\u00fclgseid telgitaguseid. ERMi blogis r\u00e4\u00e4gime lugusid, mis l\u00e4hevad teemadesse s\u00fcvitsi sisse, pakkudes lugemisemotsiooni k\u00f5rval ka p\u00f5nevaid taustateadmisi. Siin kirjutame neist muuseumi teemadest, mille v\u00e4\u00e4rtus ei seisne tingimata p\u00e4evakajalisuses. See on aeglane meedia, k\u00f5ige paremas m\u00f5ttes. Vaid murdosa ERMi kogudes olevatest esemetest leiab koha v\u00e4ljapanekul. Blogis tutvustame museaale,&hellip;\" \/>\n<meta property=\"og:url\" content=\"https:\/\/blog.erm.ee\/?page_id=2\" \/>\n<meta property=\"og:site_name\" content=\"Eesti Rahva Muuseumi ajaveeb\" \/>\n<meta property=\"article:modified_time\" content=\"2025-03-11T12:04:15+00:00\" \/>\n<meta name=\"twitter:card\" content=\"summary_large_image\" \/>\n<meta name=\"twitter:label1\" content=\"Est. reading time\" \/>\n\t<meta name=\"twitter:data1\" content=\"1 minut\" \/>\n<script type=\"application\/ld+json\" class=\"yoast-schema-graph\">{\"@context\":\"https:\\\/\\\/schema.org\",\"@graph\":[{\"@type\":\"WebPage\",\"@id\":\"https:\\\/\\\/blog.erm.ee\\\/?page_id=2\",\"url\":\"https:\\\/\\\/blog.erm.ee\\\/?page_id=2\",\"name\":\"Tutvustus - Eesti Rahva Muuseumi ajaveeb\",\"isPartOf\":{\"@id\":\"https:\\\/\\\/blog.erm.ee\\\/#website\"},\"datePublished\":\"2012-02-27T11:26:52+00:00\",\"dateModified\":\"2025-03-11T12:04:15+00:00\",\"breadcrumb\":{\"@id\":\"https:\\\/\\\/blog.erm.ee\\\/?page_id=2#breadcrumb\"},\"inLanguage\":\"et\",\"potentialAction\":[{\"@type\":\"ReadAction\",\"target\":[\"https:\\\/\\\/blog.erm.ee\\\/?page_id=2\"]}]},{\"@type\":\"BreadcrumbList\",\"@id\":\"https:\\\/\\\/blog.erm.ee\\\/?page_id=2#breadcrumb\",\"itemListElement\":[{\"@type\":\"ListItem\",\"position\":1,\"name\":\"Home\",\"item\":\"https:\\\/\\\/blog.erm.ee\\\/\"},{\"@type\":\"ListItem\",\"position\":2,\"name\":\"Tutvustus\"}]},{\"@type\":\"WebSite\",\"@id\":\"https:\\\/\\\/blog.erm.ee\\\/#website\",\"url\":\"https:\\\/\\\/blog.erm.ee\\\/\",\"name\":\"Eesti Rahva Muuseumi ajaveeb\",\"description\":\"\",\"potentialAction\":[{\"@type\":\"SearchAction\",\"target\":{\"@type\":\"EntryPoint\",\"urlTemplate\":\"https:\\\/\\\/blog.erm.ee\\\/?s={search_term_string}\"},\"query-input\":{\"@type\":\"PropertyValueSpecification\",\"valueRequired\":true,\"valueName\":\"search_term_string\"}}],\"inLanguage\":\"et\"}]}<\/script>\n<!-- \/ Yoast SEO plugin. -->","yoast_head_json":{"title":"Tutvustus - Eesti Rahva Muuseumi ajaveeb","robots":{"index":"index","follow":"follow","max-snippet":"max-snippet:-1","max-image-preview":"max-image-preview:large","max-video-preview":"max-video-preview:-1"},"canonical":"https:\/\/blog.erm.ee\/?page_id=2","og_locale":"et_EE","og_type":"article","og_title":"Tutvustus - Eesti Rahva Muuseumi ajaveeb","og_description":"Hea k\u00fclaline Tere tulemast avastama muuseumielu kirevaid ja mitmek\u00fclgseid telgitaguseid. ERMi blogis r\u00e4\u00e4gime lugusid, mis l\u00e4hevad teemadesse s\u00fcvitsi sisse, pakkudes lugemisemotsiooni k\u00f5rval ka p\u00f5nevaid taustateadmisi. Siin kirjutame neist muuseumi teemadest, mille v\u00e4\u00e4rtus ei seisne tingimata p\u00e4evakajalisuses. See on aeglane meedia, k\u00f5ige paremas m\u00f5ttes. Vaid murdosa ERMi kogudes olevatest esemetest leiab koha v\u00e4ljapanekul. Blogis tutvustame museaale,&hellip;","og_url":"https:\/\/blog.erm.ee\/?page_id=2","og_site_name":"Eesti Rahva Muuseumi ajaveeb","article_modified_time":"2025-03-11T12:04:15+00:00","twitter_card":"summary_large_image","twitter_misc":{"Est. reading time":"1 minut"},"schema":{"@context":"https:\/\/schema.org","@graph":[{"@type":"WebPage","@id":"https:\/\/blog.erm.ee\/?page_id=2","url":"https:\/\/blog.erm.ee\/?page_id=2","name":"Tutvustus - Eesti Rahva Muuseumi ajaveeb","isPartOf":{"@id":"https:\/\/blog.erm.ee\/#website"},"datePublished":"2012-02-27T11:26:52+00:00","dateModified":"2025-03-11T12:04:15+00:00","breadcrumb":{"@id":"https:\/\/blog.erm.ee\/?page_id=2#breadcrumb"},"inLanguage":"et","potentialAction":[{"@type":"ReadAction","target":["https:\/\/blog.erm.ee\/?page_id=2"]}]},{"@type":"BreadcrumbList","@id":"https:\/\/blog.erm.ee\/?page_id=2#breadcrumb","itemListElement":[{"@type":"ListItem","position":1,"name":"Home","item":"https:\/\/blog.erm.ee\/"},{"@type":"ListItem","position":2,"name":"Tutvustus"}]},{"@type":"WebSite","@id":"https:\/\/blog.erm.ee\/#website","url":"https:\/\/blog.erm.ee\/","name":"Eesti Rahva Muuseumi ajaveeb","description":"","potentialAction":[{"@type":"SearchAction","target":{"@type":"EntryPoint","urlTemplate":"https:\/\/blog.erm.ee\/?s={search_term_string}"},"query-input":{"@type":"PropertyValueSpecification","valueRequired":true,"valueName":"search_term_string"}}],"inLanguage":"et"}]}},"jetpack_shortlink":"https:\/\/wp.me\/P2l9Zd-2","jetpack_sharing_enabled":true,"jetpack_likes_enabled":true,"_links":{"self":[{"href":"https:\/\/blog.erm.ee\/index.php?rest_route=\/wp\/v2\/pages\/2","targetHints":{"allow":["GET"]}}],"collection":[{"href":"https:\/\/blog.erm.ee\/index.php?rest_route=\/wp\/v2\/pages"}],"about":[{"href":"https:\/\/blog.erm.ee\/index.php?rest_route=\/wp\/v2\/types\/page"}],"author":[{"embeddable":true,"href":"https:\/\/blog.erm.ee\/index.php?rest_route=\/wp\/v2\/users\/1"}],"replies":[{"embeddable":true,"href":"https:\/\/blog.erm.ee\/index.php?rest_route=%2Fwp%2Fv2%2Fcomments&post=2"}],"version-history":[{"count":40,"href":"https:\/\/blog.erm.ee\/index.php?rest_route=\/wp\/v2\/pages\/2\/revisions"}],"predecessor-version":[{"id":17087,"href":"https:\/\/blog.erm.ee\/index.php?rest_route=\/wp\/v2\/pages\/2\/revisions\/17087"}],"wp:attachment":[{"href":"https:\/\/blog.erm.ee\/index.php?rest_route=%2Fwp%2Fv2%2Fmedia&parent=2"}],"curies":[{"name":"wp","href":"https:\/\/api.w.org\/{rel}","templated":true}]}}